{"id":1204,"date":"2025-06-12T19:10:44","date_gmt":"2025-06-12T16:10:44","guid":{"rendered":"https:\/\/www.creoajans.com\/temp\/human\/?page_id=1204"},"modified":"2025-06-21T01:09:54","modified_gmt":"2025-06-20T22:09:54","slug":"iletisim","status":"publish","type":"page","link":"https:\/\/www.creoajans.com\/temp\/human\/iletisim\/","title":{"rendered":"Bize Ula\u015f\u0131n"},"content":{"rendered":"\t\t<div data-elementor-type=\"wp-page\" data-elementor-id=\"1204\" class=\"elementor elementor-1204\">\n\t\t\t\t<div class=\"elementor-element elementor-element-09a8415 e-flex e-con-boxed e-con e-parent\" data-id=\"09a8415\" data-element_type=\"container\" data-settings=\"{&quot;background_background&quot;:&quot;classic&quot;}\">\n\t\t\t\t\t<div class=\"e-con-inner\">\n\t\t\t\t<div class=\"elementor-element elementor-element-7892f7d elementor-widget elementor-widget-heading\" data-id=\"7892f7d\" data-element_type=\"widget\" data-widget_type=\"heading.default\">\n\t\t\t\t<div class=\"elementor-widget-container\">\n\t\t\t\t\t<h1 class=\"elementor-heading-title elementor-size-default\">Bize Ula\u015f\u0131n<\/h1>\t\t\t\t<\/div>\n\t\t\t\t<\/div>\n\t\t\t\t<div class=\"elementor-element elementor-element-2904946 elementor-widget elementor-widget-text-editor\" data-id=\"2904946\" data-element_type=\"widget\" data-widget_type=\"text-editor.default\">\n\t\t\t\t<div class=\"elementor-widget-container\">\n\t\t\t\t\t\t\t\t\t<section class=\"elementor-section elementor-top-section elementor-element elementor-element-ee63976 elementor-section-boxed elementor-section-height-default elementor-section-height-default\" data-id=\"ee63976\" data-element_type=\"section\"><div class=\"elementor-container elementor-column-gap-default\"><div class=\"elementor-column elementor-col-100 elementor-top-column elementor-element elementor-element-e194f60\" data-id=\"e194f60\" data-element_type=\"column\"><div class=\"elementor-widget-wrap elementor-element-populated\"><div class=\"elementor-element elementor-element-5d07752 elementor-widget elementor-widget-text-editor\" data-id=\"5d07752\" data-element_type=\"widget\" data-widget_type=\"text-editor.default\"><div class=\"elementor-widget-container\"><p>HumanPlus\u2019a g\u00f6sterdi\u011finiz ilgi i\u00e7in te\u015fekk\u00fcr ederiz. Soru sormak veya teknik bir sorunu bildirmek i\u00e7in l\u00fctfen a\u015fa\u011f\u0131daki formu doldurun.<\/p><\/div><\/div><\/div><\/div><\/div><\/section>\t\t\t\t\t\t\t\t<\/div>\n\t\t\t\t<\/div>\n\t\t\t\t\t<\/div>\n\t\t\t\t<\/div>\n\t\t<div class=\"elementor-element elementor-element-bc51cf6 e-flex e-con-boxed e-con e-parent\" data-id=\"bc51cf6\" data-element_type=\"container\">\n\t\t\t\t\t<div class=\"e-con-inner\">\n\t\t<div class=\"elementor-element elementor-element-0ac6ac5 e-con-full e-flex e-con e-child\" data-id=\"0ac6ac5\" data-element_type=\"container\">\n\t\t\t\t<div class=\"elementor-element elementor-element-6820bd8 elementor-widget elementor-widget-shortcode\" data-id=\"6820bd8\" data-element_type=\"widget\" data-widget_type=\"shortcode.default\">\n\t\t\t\t<div class=\"elementor-widget-container\">\n\t\t\t\t\t\t\t<div class=\"elementor-shortcode\"><div class=\"wpforms-container wpforms-render-modern\" id=\"wpforms-1201\"><form id=\"wpforms-form-1201\" class=\"wpforms-validate wpforms-form wpforms-ajax-form\" data-formid=\"1201\" method=\"post\" enctype=\"multipart\/form-data\" action=\"\/temp\/human\/wp-json\/wp\/v2\/pages\/1204\" data-token=\"4abc66fad9b7440129eabec5a5b461b2\" data-token-time=\"1776214602\"><noscript class=\"wpforms-error-noscript\">Bu formu bitirebilmek i\u00e7in taray\u0131c\u0131n\u0131zda JavaScript&#039;i etkinle\u015ftirin.<\/noscript><div class=\"wpforms-hidden\" id=\"wpforms-error-noscript\">Bu formu bitirebilmek i\u00e7in taray\u0131c\u0131n\u0131zda JavaScript&#039;i etkinle\u015ftirin.<\/div><div class=\"wpforms-field-container\"><div id=\"wpforms-1201-field_1-container\" class=\"wpforms-field wpforms-field-radio wpforms-list-inline\" data-field-id=\"1\"><fieldset><legend class=\"wpforms-field-label\">Sorunun konusu<\/legend><ul id=\"wpforms-1201-field_1\"><li class=\"choice-1 depth-1\"><input type=\"radio\" id=\"wpforms-1201-field_1_1\" name=\"wpforms[fields][1]\" value=\"S\u00fcrd\u00fcr\u00fclebilirlik\" aria-errormessage=\"wpforms-1201-field_1_1-error\"  ><label class=\"wpforms-field-label-inline\" for=\"wpforms-1201-field_1_1\">S\u00fcrd\u00fcr\u00fclebilirlik<\/label><\/li><li class=\"choice-2 depth-1\"><input type=\"radio\" id=\"wpforms-1201-field_1_2\" name=\"wpforms[fields][1]\" value=\"Ko\u00e7luk\" aria-errormessage=\"wpforms-1201-field_1_2-error\"  ><label class=\"wpforms-field-label-inline\" for=\"wpforms-1201-field_1_2\">Ko\u00e7luk<\/label><\/li><li class=\"choice-3 depth-1\"><input type=\"radio\" id=\"wpforms-1201-field_1_3\" name=\"wpforms[fields][1]\" value=\"Human Plus&#039;ta \u00c7al\u0131\u015fmak\" aria-errormessage=\"wpforms-1201-field_1_3-error\"  ><label class=\"wpforms-field-label-inline\" for=\"wpforms-1201-field_1_3\">Human Plus'ta \u00c7al\u0131\u015fmak<\/label><\/li><li class=\"choice-4 depth-1\"><input type=\"radio\" id=\"wpforms-1201-field_1_4\" name=\"wpforms[fields][1]\" value=\"Di\u011fer\" aria-errormessage=\"wpforms-1201-field_1_4-error\"  ><label class=\"wpforms-field-label-inline\" for=\"wpforms-1201-field_1_4\">Di\u011fer<\/label><\/li><\/ul><\/fieldset><\/div><div id=\"wpforms-1201-field_2-container\" class=\"wpforms-field wpforms-field-text\" data-field-id=\"2\"><label class=\"wpforms-field-label\" for=\"wpforms-1201-field_2\">Ad\u0131n\u0131z<\/label><input type=\"text\" id=\"wpforms-1201-field_2\" class=\"wpforms-field-medium\" name=\"wpforms[fields][2]\" aria-errormessage=\"wpforms-1201-field_2-error\" ><\/div>\t\t<div id=\"wpforms-1201-field_6-container\"\n\t\t\tclass=\"wpforms-field wpforms-field-text\"\n\t\t\tdata-field-type=\"text\"\n\t\t\tdata-field-id=\"6\"\n\t\t\t>\n\t\t\t<label class=\"wpforms-field-label\" for=\"wpforms-1201-field_6\" >Ba\u015fl\u0131k Firman\u0131z Ad\u0131n\u0131z<\/label>\n\t\t\t<input type=\"text\" id=\"wpforms-1201-field_6\" class=\"wpforms-field-medium\" name=\"wpforms[fields][6]\" >\n\t\t<\/div>\n\t\t<div id=\"wpforms-1201-field_3-container\" class=\"wpforms-field wpforms-field-text\" data-field-id=\"3\"><label class=\"wpforms-field-label\" for=\"wpforms-1201-field_3\">Firman\u0131z<\/label><input type=\"text\" id=\"wpforms-1201-field_3\" class=\"wpforms-field-medium\" name=\"wpforms[fields][3]\" aria-errormessage=\"wpforms-1201-field_3-error\" ><\/div><div id=\"wpforms-1201-field_4-container\" class=\"wpforms-field wpforms-field-text\" data-field-id=\"4\"><label class=\"wpforms-field-label\" for=\"wpforms-1201-field_4\">E-postan\u0131z<\/label><input type=\"text\" id=\"wpforms-1201-field_4\" class=\"wpforms-field-medium\" name=\"wpforms[fields][4]\" aria-errormessage=\"wpforms-1201-field_4-error\" ><\/div><div id=\"wpforms-1201-field_5-container\" class=\"wpforms-field wpforms-field-text\" data-field-id=\"5\"><label class=\"wpforms-field-label\" for=\"wpforms-1201-field_5\">Ba\u015fl\u0131k<\/label><input type=\"text\" id=\"wpforms-1201-field_5\" class=\"wpforms-field-medium\" name=\"wpforms[fields][5]\" aria-errormessage=\"wpforms-1201-field_5-error\" ><\/div><div id=\"wpforms-1201-field_7-container\" class=\"wpforms-field wpforms-field-textarea\" data-field-id=\"7\"><label class=\"wpforms-field-label\" for=\"wpforms-1201-field_7\">Mesaj\u0131n\u0131z<\/label><textarea id=\"wpforms-1201-field_7\" class=\"wpforms-field-medium\" name=\"wpforms[fields][7]\" aria-errormessage=\"wpforms-1201-field_7-error\" ><\/textarea><\/div><script>\n\t\t\t\t( function() {\n\t\t\t\t\tconst style = document.createElement( 'style' );\n\t\t\t\t\tstyle.appendChild( document.createTextNode( '#wpforms-1201-field_6-container { position: absolute !important; overflow: hidden !important; display: inline !important; height: 1px !important; width: 1px !important; z-index: -1000 !important; padding: 0 !important; } #wpforms-1201-field_6-container input { visibility: hidden; } #wpforms-conversational-form-page #wpforms-1201-field_6-container label { counter-increment: none; }' ) );\n\t\t\t\t\tdocument.head.appendChild( style );\n\t\t\t\t\tdocument.currentScript?.remove();\n\t\t\t\t} )();\n\t\t\t<\/script><\/div><!-- .wpforms-field-container --><div class=\"wpforms-submit-container\" ><input type=\"hidden\" name=\"wpforms[id]\" value=\"1201\"><input type=\"hidden\" name=\"page_title\" value=\"\"><input type=\"hidden\" name=\"page_url\" value=\"https:\/\/www.creoajans.com\/temp\/human\/wp-json\/wp\/v2\/pages\/1204\"><input type=\"hidden\" name=\"url_referer\" value=\"\"><button type=\"submit\" name=\"wpforms[submit]\" id=\"wpforms-submit-1201\" class=\"wpforms-submit\" data-alt-text=\"G\u00f6nderiliyor...\" data-submit-text=\"G\u00f6nder\" aria-live=\"assertive\" value=\"wpforms-submit\">G\u00f6nder<\/button><img decoding=\"async\" src=\"https:\/\/www.creoajans.com\/temp\/human\/wp-content\/plugins\/wpforms-lite\/assets\/images\/submit-spin.svg\" class=\"wpforms-submit-spinner\" style=\"display: none;\" width=\"26\" height=\"26\" alt=\"Y\u00fckleniyor\"><\/div><\/form><\/div>  <!-- .wpforms-container --><\/div>\n\t\t\t\t\t\t<\/div>\n\t\t\t\t<\/div>\n\t\t\t\t<\/div>\n\t\t<div class=\"elementor-element elementor-element-3572b10 e-con-full e-flex e-con e-child\" data-id=\"3572b10\" data-element_type=\"container\">\n\t\t\t\t<div class=\"elementor-element elementor-element-ff5ce73 elementor-widget elementor-widget-text-editor\" data-id=\"ff5ce73\" data-element_type=\"widget\" data-widget_type=\"text-editor.default\">\n\t\t\t\t<div class=\"elementor-widget-container\">\n\t\t\t\t\t\t\t\t\t<p><em>HumanPlus, bilgilerinizi korumay\u0131 taahh\u00fct eder. Bilgileriniz, ge\u00e7erli veri gizlili\u011fi yasas\u0131na, \u015firket i\u00e7i politikalar\u0131m\u0131za ve gizlilik politikam\u0131za uygun olarak kullan\u0131lacakt\u0131r. Bilgileriniz, ikamet etti\u011finiz \u00fclke d\u0131\u015f\u0131ndaki \u00fclkelerdeki hizmetler taraf\u0131ndan saklanabilir ve i\u015flenebilir, ancak bilgileriniz nerede i\u015flenirse i\u015flenirse, ayn\u0131 \u00f6zenle ve gizlili\u011finize sayg\u0131 g\u00f6stererek i\u015fleyece\u011fiz.<\/em><\/p>\t\t\t\t\t\t\t\t<\/div>\n\t\t\t\t<\/div>\n\t\t\t\t<\/div>\n\t\t\t\t\t<\/div>\n\t\t\t\t<\/div>\n\t\t\t\t<\/div>\n\t\t","protected":false},"excerpt":{"rendered":"<p>Bize Ula\u015f\u0131n HumanPlus\u2019a g\u00f6sterdi\u011finiz ilgi i\u00e7in te\u015fekk\u00fcr ederiz. Soru sormak veya teknik bir sorunu bildirmek i\u00e7in l\u00fctfen a\u015fa\u011f\u0131daki formu doldurun. HumanPlus, bilgilerinizi korumay\u0131 taahh\u00fct eder. Bilgileriniz, ge\u00e7erli veri gizlili\u011fi yasas\u0131na, \u015firket i\u00e7i politikalar\u0131m\u0131za ve gizlilik politikam\u0131za uygun olarak kullan\u0131lacakt\u0131r. Bilgileriniz, ikamet etti\u011finiz \u00fclke d\u0131\u015f\u0131ndaki \u00fclkelerdeki hizmetler taraf\u0131ndan saklanabilir ve i\u015flenebilir, ancak bilgileriniz nerede i\u015flenirse i\u015flenirse, [&hellip;]<\/p>\n","protected":false},"author":1,"featured_media":0,"parent":0,"menu_order":0,"comment_status":"closed","ping_status":"closed","template":"","meta":{"inline_featured_image":false,"site-sidebar-layout":"no-sidebar","site-content-layout":"","ast-site-content-layout":"full-width-container","site-content-style":"unboxed","site-sidebar-style":"unboxed","ast-global-header-display":"","ast-banner-title-visibility":"","ast-main-header-display":"","ast-hfb-above-header-display":"","ast-hfb-below-header-display":"","ast-hfb-mobile-header-display":"","site-post-title":"disabled","ast-breadcrumbs-content":"","ast-featured-img":"disabled","footer-sml-layout":"","theme-transparent-header-meta":"enabled","adv-header-id-meta":"","stick-header-meta":"","header-above-stick-meta":"","header-main-stick-meta":"","header-below-stick-meta":"","astra-migrate-meta-layouts":"default","ast-page-background-enabled":"default","ast-page-background-meta":{"desktop":{"background-color":"var(--ast-global-color-4)","background-image":"","background-repeat":"repeat","background-position":"center center","background-size":"auto","background-attachment":"scroll","background-type":"","background-media":"","overlay-type":"","overlay-color":"","overlay-opacity":"","overlay-gradient":""},"tablet":{"background-color":"","background-image":"","background-repeat":"repeat","background-position":"center center","background-size":"auto","background-attachment":"scroll","background-type":"","background-media":"","overlay-type":"","overlay-color":"","overlay-opacity":"","overlay-gradient":""},"mobile":{"background-color":"","background-image":"","background-repeat":"repeat","background-position":"center center","background-size":"auto","background-attachment":"scroll","background-type":"","background-media":"","overlay-type":"","overlay-color":"","overlay-opacity":"","overlay-gradient":""}},"ast-content-background-meta":{"desktop":{"background-color":"var(--ast-global-color-5)","background-image":"","background-repeat":"repeat","background-position":"center center","background-size":"auto","background-attachment":"scroll","background-type":"","background-media":"","overlay-type":"","overlay-color":"","overlay-opacity":"","overlay-gradient":""},"tablet":{"background-color":"var(--ast-global-color-5)","background-image":"","background-repeat":"repeat","background-position":"center center","background-size":"auto","background-attachment":"scroll","background-type":"","background-media":"","overlay-type":"","overlay-color":"","overlay-opacity":"","overlay-gradient":""},"mobile":{"background-color":"var(--ast-global-color-5)","background-image":"","background-repeat":"repeat","background-position":"center center","background-size":"auto","background-attachment":"scroll","background-type":"","background-media":"","overlay-type":"","overlay-color":"","overlay-opacity":"","overlay-gradient":""}},"footnotes":""},"class_list":["post-1204","page","type-page","status-publish","hentry"],"_links":{"self":[{"href":"https:\/\/www.creoajans.com\/temp\/human\/wp-json\/wp\/v2\/pages\/1204","targetHints":{"allow":["GET"]}}],"collection":[{"href":"https:\/\/www.creoajans.com\/temp\/human\/wp-json\/wp\/v2\/pages"}],"about":[{"href":"https:\/\/www.creoajans.com\/temp\/human\/wp-json\/wp\/v2\/types\/page"}],"author":[{"embeddable":true,"href":"https:\/\/www.creoajans.com\/temp\/human\/wp-json\/wp\/v2\/users\/1"}],"replies":[{"embeddable":true,"href":"https:\/\/www.creoajans.com\/temp\/human\/wp-json\/wp\/v2\/comments?post=1204"}],"version-history":[{"count":9,"href":"https:\/\/www.creoajans.com\/temp\/human\/wp-json\/wp\/v2\/pages\/1204\/revisions"}],"predecessor-version":[{"id":1218,"href":"https:\/\/www.creoajans.com\/temp\/human\/wp-json\/wp\/v2\/pages\/1204\/revisions\/1218"}],"wp:attachment":[{"href":"https:\/\/www.creoajans.com\/temp\/human\/wp-json\/wp\/v2\/media?parent=1204"}],"curies":[{"name":"wp","href":"https:\/\/api.w.org\/{rel}","templated":true}]}}